-2905
-12211 (base 3) to base 12
-111
What is -70047 (base 9) in base 13?
-17c02
1618b (base 14) to base 6
1103315
What is 10010100111100 (base 2) in base 13?
4453
Convert -17913 (base 11) to base 4.
-12013211
Convert -13538 (base 9) to base 2.
-10001111100100
Convert -121211210 (base 3) to base 13.
-5787
What is -122332 (base 6) in base 4?
-2222300
Convert c444 (base 16) to base 6.
1024340
What is -4016 (base 10) in base 12?
-23a8
100110111000110 (base 2) to base 10
19910
Convert 2058 (base 14) to base 11.
4200
-597 (base 11) to base 6
-3143
Convert 4550 (base 7) to base 4.
121310
-75647 (base 9) to base 12
-24bb1
What is 4113 (base 12) in base 5?
211241
What is -1201011 (base 3) in base 8?
-2336
-459 (base 10) to base 2
-111001011
1133 (base 16) to base 15
1488
What is -2444 (base 11) in base 3?
-11101022
5235 (base 9) to base 11
2980
Convert -5493 (base 13) to base 15.
-3756
What is 3b3 (base 15) in base 6?
3523
7322 (base 14) to base 16
4d72
-111100010 (base 3) to base 16
-25fb
-475 (base 14) to base 11
-737
Convert -1311313 (base 4) to base 7.
-30664
f (base 16) to base 7
21
What is 2254 (base 15) in base 6?
53411
What is -100111001 (base 2) in base 8?
-471
What is -101110010 (base 2) in base 16?
-172
What is -5675 (base 8) in base 15?
-d55
What is 7ca9 (base 13) in base 10?
17546
-c4c0 (base 14) to base 5
-2041010
107 (base 13) to base 6
452
-564 (base 7) to base 4
-10203
Convert 31929 (base 12) to base 6.
1222053
What is -10012 (base 7) in base 15?
-aaa
Convert -723 (base 10) to base 16.
-2d3
Convert -435430 (base 6) to base 14.
-d2c2
What is 5137 (base 13) in base 8?
25700
What is 3401 (base 6) in base 13?
490
-6b3 (base 13) to base 11
-965
3a0f (base 16) to base 2
11101000001111
What is -5226 (base 13) in base 8?
-26133
Convert -1899 (base 10) to base 8.
-3553
Convert 207 (base 15) to base 7.
1222
Convert 18399 (base 12) to base 16.
8925
What is 52403 (base 7) in base 11?
9759
Convert -3223 (base 6) to base 4.
-23133
What is -2ea9 (base 15) in base 7?
-41220
Convert -1434321 (base 5) to base 14.
-b20a
What is -1414 (base 5) in base 16?
-ea
What is 7a44 (base 16) in base 14?
b59a
-c59 (base 13) to base 7
-6062
Convert 4224 (base 8) to base 9.
3010
Convert -288 (base 13) to base 7.
-1212
What is -628 (base 9) in base 15?
-242
123312 (base 5) to base 15
1672
Convert -330330 (base 4) to base 14.
-15c8
What is -121212201 (base 3) in base 2?
-11000000010000
Convert -1401 (base 12) to base 10.
-2305
Convert 20637 (base 8) to base 16.
219f
What is -221 (base 10) in base 14?
-11b
What is 1020221 (base 4) in base 8?
11051
53 (base 15) to base 11
71
What is 4297 (base 11) in base 5?
140142
-3c8 (base 15) to base 6
-3555
What is 111010011010 (base 2) in base 7?
13620
299 (base 15) to base 12
416
Convert -17a8 (base 16) to base 10.
-6056
443454 (base 6) to base 9
55817
-2303321 (base 4) to base 5
-332023
What is 2c39 (base 14) in base 3?
101211021
627 (base 11) to base 7
2126
What is 1144 (base 12) in base 7?
5416
What is -327 (base 11) in base 10?
-392
-1a68 (base 14) to base 13
-224c
What is 8ae (base 15) in base 12?
1178
-19bab (base 12) to base 13
-143b4
What is -18c (base 13) in base 15?
-140
What is -2201 (base 10) in base 7?
-6263
What is -10102 (base 5) in base 7?
-1621
1000110000110 (base 2) to base 12
271a
Convert 102344 (base 5) to base 10.
3474
What is a4 (base 16) in base 11?
13a
What is 732 (base 8) in base 7?
1245
What is -e0b (base 16) in base 8?
-7013
3393 (base 14) to base 3
110021110
Convert 49 (base 16) to base 13.
58
21606 (base 7) to base 6
41113
-254 (base 6) to base 9
-127
What is 608 (base 9) in base 7?
1304
Convert -ee2 (base 16) to base 3.
-12020010
Convert 4ae1 (base 16) to base 14.
6db3
-446 (base 7) to base 6
-1022
Convert -11230 (base 4) to base 11.
-301
What is 730 (base 12) in base 6?
4500
What is 1263 (base 12) in base 14?
a95
What is 42320 (base 5) in base 12?
1783
-2124 (base 5) to base 14
-169
23330 (base 7) to base 14
2287
Convert 5752 (base 8) to base 3.
11011222
-409 (base 15) to base 10
-909
What is -bd8d (base 16) in base 15?
-e5a0
What is 1579 (base 11) in base 9?
2686
What is 2453 (base 12) in base 13?
1b30
What is 1d7 (base 16) in base 13?
2a3
Convert -107 (base 12) to base 11.
-128
-1000100111 (base 2) to base 14
-2b5
111001001100 (base 2) to base 9
5016
Convert 189a (base 12) to base 6.
21514
What is 334 (base 16) in base 9?
1111
Convert -101001001 (base 2) to base 8.
-511
Convert -1535 (base 6) to base 10.
-419
What is -858 (base 10) in base 8?
-1532
200 (base 7) to base 13
77
Convert 3716 (base 12) to base 11.
4736
-332320 (base 4) to base 11
-3029
3726 (base 13) to base 7
31521
What is 342 (base 6) in base 16?
86
What is 36304 (base 7) in base 3?
110220121
179 (base 13) to base 8
415
Convert -536 (base 12) to base 8.
-1372
What is -9c8b (base 13) in base 14?
-7db6
What is -7a6 (base 11) in base 15?
-443
365 (base 10) to base 9
445
What is -2269 (base 11) in base 14?
-112b
Convert -b3f (base 16) to base 3.
-10221122
-2212 (base 6) to base 7
-1331
1000111011 (base 2) to base 15
281
What is 27424 (base 11) in base 5?
2222414
-11557 (base 8) to base 2
-1001101101111
What is 57f (base 16) in base 4?
111333
What is 110011101010 (base 2) in base 12?
1ab6
Convert -32603 (base 8) to base 5.
-414244
Convert -1734 (base 12) to base 14.
-1024
What is -443 (base 11) in base 8?
-1023
daa (base 14) to base 10
2698
-6357 (base 10) to base 4
-1203111
What is -12050 (base 6) in base 4?
-123132
Convert 354 (base 9) to base 11.
246
What is 411 (base 6) in base 5?
1101
What is -651 (base 13) in base 11?
-8a2
4255 (base 7) to base 16
5e6
-11010011010 (base 2) to base 5
-23230
Convert -c8e (base 16) to base 7.
-12241
-2113 (base 8) to base 2
-10001001011
What is 605 (base 16) in base 8?
3005
What is -10105 (base 6) in base 13?
-7bb
Convert 79b (base 13) to base 8.
2437
What is 11243 (base 5) in base 15?
39d
-10201021 (base 3) to base 15
-c07
-10010010001101 (base 2) to base 8
-22215
-253123 (base 6) to base 9
-34156
-510 (base 14) to base 12
-6aa
-1011 (base 9) to base 16
-2e3
Convert -7478 (base 11) to base 12.
-587a
What is 330 (base 6) in base 8?
176
10220210 (base 3) to base 8
5450
Convert 53a (base 11) to base 3.
220000
Convert -44734 (base 8) to base 14.
-6c68
What is -518 (base 9) in base 3?
-120122
Convert 307 (base 13) to base 3.
201001
-1265 (base 10) to base 12
-895
Convert -311213 (base 4) to base 16.
-d67
Convert 1111122 (base 3) to base 6.
5025
Convert -19352 (base 10) to base 7.
-110264
What is -5178 (base 13) in base 12?
-6619
Convert -7ac (base 16) to base 7.
-5504
5331 (base 16) to base 5
1140142
What is 1200b (base 14) in base 12?
214b7
What is -2715 (base 10) in base 16?
-a9b
Convert -1023232 (base 5) to base 4.
-10032211
What is 223400 (base 5) in base 16?
1f27
-96a9 (base 12) to base 2
-100000010100001
Convert -13115 (base 6) to base 15.
-8cb
What is -5131 (base 15) in base 4?
-10023322
-1151 (base 14) to base 8
-5703
Convert 122021 (base 3) to base 6.
2054
Convert 1976 (base 12) to base 16.
c2a
Convert 2ed (base 16) to base 13.
458
1698 (base 11) to base 5
32124
What is 132132 (base 4) in base 6?
13010
What is 100101111000 (base 2) in base 15?
ab9
-1000011001100110 (base 2) to base 13
-12878
Convert -22211211 (base 3) to base 5.
-201243
200 (base 15) to base 11
37a
10110011011 (base 2) to base 8
2633
-12541 (base 6) to base 2
-11110001101
Convert -45101 (base 7) to base 10.
-11369
-1388 (base 11) to base 6
-12142
What is 100110100 (base 2) in base 4?
10310
What is -142104 (base 6) in base 4?
-3101320
360d (base 14) to base 3
110220221
Convert -2969 (base 12) to base 2.
-1001011100001
25 (base 7) to base 11
18
1141 (base 9) to base 14
447
What is -101300 (base 5) in base 4?
-303331
Convert -447 (base 16) to base 3.
-1111120
Convert -25404 (base 10) to base 13.
-b742
20012222 (base 3) to base 14
191d
10121 (base 4) to base 3
101102
-209a (base 16) to base 3
-102110010
What is 1000001 (base 2) in base 11?
5a
111100010 (base 2) to base 14
266
Convert -29a3 (base 13) to base 11.
-45a9
What is -5d5e (base 15) in base 4?
-10312301
-643 (base 7) to base 11
-276
Convert 21210323 (base 4) to base 16.
993b
Convert 50043 (base 9) to base 15.
9ae9
Convert -aa2 (base 14) to base 6.
-13422
-20141 (base 13) t